ue
Is 350761129 prime?
True
Is 34607219 a prime number?
True
Is 6999749 a prime number?
True
Is 124257473 prime?
False
Is 4201621 a composite number?
False
Is 35154901 a prime number?
False
Is 18551603 a prime number?
False
Is 114627629 prime?
True
Is 14519537 prime?
True
Is 712087 composite?
True
Is 102068591 a prime number?
True
Is 92200411 a prime number?
False
Is 1417967 prime?
True
Is 16112819 composite?
False
Is 3312961 composite?
True
Is 87781109 prime?
False
Is 17319457 a prime number?
True
Is 978683 a composite number?
False
Is 65213 a prime number?
True
Is 1649489 a prime number?
True
Is 1718891 a composite number?
False
Is 1112861 a prime number?
False
Is 7610003 a prime number?
True
Is 7583899 a prime number?
True
Is 67746526 a composite number?
True
Is 593320699 prime?
True
Is 4786319 prime?
False
Is 15048119 a prime number?
True
Is 3721537 prime?
True
Is 140779853 a composite number?
True
Is 19273939 a composite number?
False
Is 30263687 a composite number?
False
Is 111146149 a composite number?
True
Is 25894529 prime?
False
Is 304195013 composite?
False
Is 17877709 a composite number?
True
Is 106724369 a prime number?
True
Is 569301263 prime?
True
Is 146113433 a prime number?
True
Is 46678387 prime?
False
Is 1169249 composite?
False
Is 70128701 prime?
True
Is 6759439 a composite number?
True
Is 308059679 composite?
True
Is 57526591 prime?
True
Is 126294169 prime?
False
Is 20610559 a prime number?
True
Is 16956609 a composite number?
True
Is 2622821 composite?
False
Is 10269689 a composite number?
False
Is 286673 composite?
False
Is 35009617 prime?
True
Is 64626937 a composite number?
False
Is 143693481 prime?
False
Is 1739533 composite?
False
Is 50441 a composite number?
False
Is 9847543 composite?
False
Is 1320533 a prime number?
True
Is 16541201 a prime number?
True
Is 2493383 a composite number?
False
Is 63978601 composite?
True
Is 34043423 prime?
False
Is 18280291 composite?
False
Is 1452181 prime?
True
Is 3520249 a prime number?
False
Is 4019731 a composite number?
False
Is 153492577 prime?
False
Is 801847 prime?
False
Is 6782023 composite?
True
Is 88986721 composite?
True
Is 109870741 a composite number?
False
Is 127785407 a prime number?
True
Is 11053633 a prime number?
False
Is 5864849 a prime number?
True
Is 6388847 a composite number?
True
Is 3625421 prime?
False
Is 53860661 a prime number?
True
Is 940871 a composite number?
False
Is 840287 prime?
False
Is 1004117 a composite number?
False
Is 4892483 a prime number?
False
Is 2968951 composite?
True
Is 816019 composite?
False
Is 600233 prime?
True
Is 4629397 a composite number?
False
Is 17510993 a prime number?
True
Is 10312343 a composite number?
False
Is 525432227 prime?
False
Is 39580103 composite?
False
Is 5937163 prime?
False
Is 16958201 a composite number?
True
Is 447171815 a prime number?
False
Is 1047829 composite?
True
Is 48868201 composite?
True
Is 845083 prime?
True
Is 9575663 prime?
False
Is 172143701 a composite number?
True
Is 98863847 composite?
False
Is 2142083 composite?
False
Is 514147 composite?
False
Is 6063419 composite?
False
Is 19887563 a prime number?
True
Is 145150571 a composite number?
True
Is 48316211 a composite number?
False
Is 267167261 a prime number?
True
Is 79683167 a prime number?
False
Is 45995 a prime number?
False
Is 95059103 a prime number?
False
Is 11280251 a prime number?
False
Is 1324163 composite?
True
Is 1246300733 composite?
False
Is 71948749 prime?
True
Is 136357183 prime?
False
Is 26178611 a prime number?
True
Is 106469263 a composite number?
False
Is 156735037 a prime number?
False
Is 435917533 prime?
True
Is 193738201 composite?
False
Is 14453 prime?
False
Is 400999 a composite number?
True
Is 53254049 a composite number?
True
Is 64005959 composite?
True
Is 28029629 prime?
False
Is 24627763 prime?
False
Is 305902937 a prime number?
True
Is 6881573 prime?
False
Is 4991201 a composite number?
False
Is 2681015 prime?
False
Is 401824349 a prime number?
True
Is 687803 prime?
False
Is 93101 a prime number?
False
Is 651766421 composite?
True
Is 10062677 a composite number?
False
Is 813355 composite?
True
Is 837709 a prime number?
False
Is 164626463 prime?
True
Is 8171017 a prime number?
True
Is 687732207 a composite number?
True
Is 106275907 a prime number?
True
Is 1612514 prime?
False
Is 200323 prime?
True
Is 79273 a composite number?
False
Is 132903367 composite?
True
Is 2972881 a prime number?
True
Is 17736673 prime?
True
Is 22118431 composite?
True
Is 39931319 a composite number?
False
Is 40590026 a prime number?
False
Is 38108933 a composite number?
False
Is 43902047 a prime number?
False
Is 74759327 composite?
True
Is 4150967 a prime number?
True
Is 26274389 composite?
False
Is 12209207 a composite number?
False
Is 66629023 composite?
False
Is 492419 prime?
False
Is 27985343 composite?
True
Is 752087 composite?
True
Is 40581721 prime?
True
Is 19536119 prime?
False
Is 134808977 composite?
False
Is 1973177 a prime number?
True
Is 2932486 prime?
False
Is 6450929 prime?
True
Is 4747297 prime?
True
Is 131691739 a prime number?
False
Is 83524061 a composite number?
False
Is 5381513 a prime number?
False
Is 331783183 composite?
False
Is 57127 prime?
False
Is 103539647 a prime number?
True
Is 4607569 a prime number?
True
Is 2545421 prime?
False
Is 17631479 a composite number?
False
Is 1661951 prime?
False
Is 5325653 prime?
False
Is 720958091 a composite number?
True
Is 13509179 a composite number?
False
Is 21057481 a composite number?
True
Is 3000331 composite?
False
Is 82709399 prime?
True
Is 265703 composite?
False
Is 24814609 prime?
False
Is 2499529 a composite number?
True
Is 33931094 a prime number?
False
Is 9450479 a composite number?
True
Is 440411 prime?
False
Is 11070359 a prime number?
True
Is 27936633 composite?
True
Is 1055281097 a composite number?
True
Is 187813 a prime number?
False
Is 145743797 prime?
True
Is 7923757 a prime number?
False
Is 69844009 composite?
False
Is 989203 a prime number?
False
Is 61656703 composite?
True
Is 8176277 a prime number?
False
Is 6789157 composite?
False
Is 4754317 composite?
False
Is 10643167 composite?
False
Is 131267 a composite number?
False
Is 854083 a composite number?
False
Is 2345311 prime?
False
Is 104567618 a composite number?
True
Is 152501689 a prime number?
True
Is 16504613 a prime number?
True
Is 17249357 a composite number?
True
Is 9456527 a prime number?
False
Is 19591321 prime?
False
Is 1243769 composite?
True
Is 10683557 a prime number?
True
Is 389811 a composite number?
True
Is 79398791 prime?
True
Is 2452183 prime?
False
Is 52041823 a prime number?
True
Is 3133451 composite?
True
Is 96821257 a composite number?
True
Is 1910009 a composite number?
False
Is 7957349 a prime number?
True
Is 579203 prime?
False
Is 111474151 prime?
False
Is 44305286 composite?
True
Is 43937079 prime?
False
Is 9218483 a composite number?
False
Is 25444711 prime?
True
Is 1465469 prime?
True
Is 7977271 a prime number?
True
Is 5330003 composite?
True
Is 6297323 prime?
True
Is 82976731 composite?
False
Is 21117193 composite?
False
Is 26333077 a prime number?
False
Is 49223497 a composite number?
True
Is 137077 a prime number?
True
Is 13616081 composite?
False
Is 3902123 composite?
True
Is 76871 prime?
True
Is 331775419 composite?
True
Is 7367669 prime?
True
Is 26308921 composite?
True
Is 174940747 a prime number?
True
Is 3441689 composite?
False
Is 42483929 a prime number?
True
Is 54566774 a prime number?
False
Is 355332743 a composite number?
False
Is 6870737 a prime number?
False
Is 684575731 a prime number?
False
Is 1647355 composite?
True
Is 838349 a prime number?
True
Is 836609 a composite number?
False
Is 13018969 a composite number?
False
Is 157420397 a composite number?
False
Is 1519051 a composite number?
False
Is 6618949 a prime number?
True
Is 198532963 composite?
True
Is 6535663 a composite number?
False
Is 516493 composite?
False
Is 28816761 composite?
True
Is 5383933 prime?
False
Is 178701629 a composite number?
False
Is 10007 composite?
False
Is 41255917 a composite number?
True
Is 13608379 a composite number?
False
Is 10816763 composite?
False
Is 6941629 a prime number?
False
Is 27837213 a prime number?
False
Is 712631 a composite number?
False
Is 322381679 prime?
False
